hat are the prime factors of 25169?
25169
What are the prime factors of 8153?
31, 263
What are the prime factors of 1153?
1153
List the prime factors of 5008.
2, 313
List the prime factors of 1026.
2, 3, 19
What are the prime factors of 8589?
3, 7, 409
What are the prime factors of 5485?
5, 1097
List the prime factors of 4135.
5, 827
What are the prime factors of 10290?
2, 3, 5, 7
What are the prime factors of 21412?
2, 53, 101
List the prime factors of 37741.
11, 47, 73
List the prime factors of 3275.
5, 131
List the prime factors of 5201.
7, 743
What are the prime factors of 426?
2, 3, 71
List the prime factors of 78.
2, 3, 13
What are the prime factors of 3636?
2, 3, 101
List the prime factors of 6843.
3, 2281
What are the prime factors of 7780?
2, 5, 389
List the prime factors of 1939.
7, 277
List the prime factors of 1233.
3, 137
List the prime factors of 7174.
2, 17, 211
What are the prime factors of 284?
2, 71
List the prime factors of 404.
2, 101
List the prime factors of 2851.
2851
List the prime factors of 1419.
3, 11, 43
List the prime factors of 607.
607
List the prime factors of 173.
173
What are the prime factors of 53297?
223, 239
What are the prime factors of 112?
2, 7
What are the prime factors of 3128?
2, 17, 23
What are the prime factors of 11458?
2, 17, 337
List the prime factors of 28597.
28597
What are the prime factors of 17339?
7, 2477
List the prime factors of 10831.
10831
What are the prime factors of 7080?
2, 3, 5, 59
What are the prime factors of 797?
797
List the prime factors of 1092.
2, 3, 7, 13
What are the prime factors of 50349?
3, 13, 1291
List the prime factors of 2862.
2, 3, 53
What are the prime factors of 50125?
5, 401
List the prime factors of 2373.
3, 7, 113
What are the prime factors of 50099?
7, 17, 421
What are the prime factors of 149?
149
What are the prime factors of 5508?
2, 3, 17
List the prime factors of 52784.
2, 3299
What are the prime factors of 3033?
3, 337
What are the prime factors of 2113?
2113
List the prime factors of 105968.
2, 37, 179
What are the prime factors of 6075?
3, 5
What are the prime factors of 634?
2, 317
List the prime factors of 11731.
11731
List the prime factors of 1941.
3, 647
List the prime factors of 68459.
17, 4027
List the prime factors of 951.
3, 317
List the prime factors of 60152.
2, 73, 103
List the prime factors of 444.
2, 3, 37
List the prime factors of 4721.
4721
List the prime factors of 228.
2, 3, 19
List the prime factors of 36247.
67, 541
List the prime factors of 550.
2, 5, 11
List the prime factors of 811.
811
List the prime factors of 3452.
2, 863
List the prime factors of 8348.
2, 2087
What are the prime factors of 74595?
3, 5, 4973
What are the prime factors of 1619?
1619
What are the prime factors of 1066?
2, 13, 41
List the prime factors of 39924.
2, 3, 1109
List the prime factors of 1479.
3, 17, 29
List the prime factors of 6084.
2, 3, 13
What are the prime factors of 30401?
7, 43, 101
List the prime factors of 103649.
7, 13, 17, 67
What are the prime factors of 936?
2, 3, 13
What are the prime factors of 664?
2, 83
List the prime factors of 13323.
3, 4441
List the prime factors of 1958.
2, 11, 89
What are the prime factors of 939?
3, 313
What are the prime factors of 3792?
2, 3, 79
What are the prime factors of 408?
2, 3, 17
List the prime factors of 601.
601
List the prime factors of 1150.
2, 5, 23
List the prime factors of 4514.
2, 37, 61
List the prime factors of 3860.
2, 5, 193
List the prime factors of 553.
7, 79
What are the prime factors of 1125?
3, 5
List the prime factors of 84335.
5, 101, 167
List the prime factors of 11297.
11, 13, 79
List the prime factors of 2685.
3, 5, 179
What are the prime factors of 1852?
2, 463
List the prime factors of 1380.
2, 3, 5, 23
What are the prime factors of 365?
5, 73
What are the prime factors of 1089?
3, 11
What are the prime factors of 195458?
2, 97729
What are the prime factors of 42982?
2, 21491
List the prime factors of 1335.
3, 5, 89
What are the prime factors of 161268?
2, 3, 89, 151
List the prime factors of 73687.
31, 2377
What are the prime factors of 1105?
5, 13, 17
What are the prime factors of 2826?
2, 3, 157
List the prime factors of 3803.
3803
List the prime factors of 12846.
2, 3, 2141
List the prime factors of 65499.
3, 7, 3119
List the prime factors of 2755.
5, 19, 29
What are the prime factors of 73678?
2, 11, 17, 197
What are the prime factors of 2688?
2, 3, 7
List the prime factors of 1400.
2, 5, 7
What are the prime factors of 13366?
2, 41, 163
List the prime factors of 34545.
3, 5, 7, 47
List the prime factors of 9980.
2, 5, 499
What are the prime factors of 111?
3, 37
What are the prime factors of 153122?
2, 76561
What are the prime factors of 3088?
2, 193
What are the prime factors of 4748?
2, 1187
What are the prime factors of 8?
2
List the prime factors of 678.
2, 3, 113
What are the prime factors of 697?
17, 41
What are the prime factors of 3872?
2, 11
List the prime factors of 1909.
23, 83
What are the prime factors of 46241?
13, 3557
What are the prime factors of 1010?
2, 5, 101
List the prime factors of 2262.
2, 3, 13, 29
List the prime factors of 985.
5, 197
What are the prime factors of 4709?
17, 277
What are the prime factors of 1236?
2, 3, 103
What are the prime factors of 1712?
2, 107
List the prime factors of 178232.
2, 22279
List the prime factors of 83014.
2, 41507
What are the prime factors of 47461?
31, 1531
What are the prime factors of 2584?
2, 17, 19
What are the prime factors of 33564?
2, 3, 2797
List the prime factors of 4807.
11, 19, 23
What are the prime factors of 5879?
5879
List the prime factors of 3294.
2, 3, 61
What are the prime factors of 84329?
7, 1721
List the prime factors of 115436.
2, 28859
What are the prime factors of 2460?
2, 3, 5, 41
What are the prime factors of 7440?
2, 3, 5, 31
What are the prime factors of 226?
2, 113
List the prime factors of 2916.
2, 3
List the prime factors of 4237.
19, 223
List the prime factors of 2393.
2393
List the prime factors of 1122.
2, 3, 11, 17
List the prime factors of 53541.
3, 661
What are the prime factors of 9978?
2, 3, 1663
What are the prime factors of 54557?
89, 613
List the prime factors of 23471.
7, 479
What are the prime factors of 2056?
2, 257
What are the prime factors of 3196?
2, 17, 47
List the prime factors of 41654.
2, 59, 353
What are the prime factors of 12431?
31, 401
List the prime factors of 31922.
2, 11, 1451
What are the prime factors of 115614?
2, 3, 2141
What are the prime factors of 11003?
11003
List the prime factors of 13643.
7, 1949
List the prime factors of 1546.
2, 773
What are the prime factors of 38042?
2, 23, 827
What are the prime factors of 2616?
2, 3, 109
What are the prime factors of 35166?
2, 3, 5861
What are the prime factors of 1644?
2, 3, 137
List the prime factors of 57232.
2, 7, 73
What are the prime factors of 1302?
2, 3, 7, 31
List the prime factors of 40733.
7, 11, 23
List the prime factors of 1452.
2, 3, 11
What are the prime factors of 2669?
17, 157
What are the prime factors of 221?
13, 17
List the prime factors of 3207.
3, 1069
What are the prime factors of 2148?
2, 3, 179
What are the prime factors of 1883?
7, 269
List the prime factors of 26877.
3, 17, 31
What are the prime factors of 104872?
2, 13109
List the prime factors of 43429.
137, 317
List the prime factors of 67620.
2, 3, 5, 7, 23
What are the prime factors of 3690?
2, 3, 5, 41
What are the prime factors of 67841?
179, 379
List the prime factors of 98721.
3, 7, 1567
What are the prime factors of 3997?
7, 571
List the prime factors of 7337.
11, 23, 29
List the prime factors of 3560.
2, 5, 89
What are the prime factors of 2979?
3, 331
List the prime factors of 284.
2, 71
What are the prime factors of 220?
2, 5, 11
List the prime factors of 992.
2, 31
List the prime factors of 18677.
19, 983
List the prime factors of 1600.
2, 5
List the prime factors of 2912.
2, 7, 13
List the prime factors of 190.
2, 5, 19
List the prime factors of 5855.
5, 1171
What are the prime factors of 497?
7, 71
List the prime factors of 133.
7, 19
What are the prime factors of 4895?
5, 11, 89
List the prime factors of 1251.
3, 139
What are the prime factors of 2225?
5, 89
What are the prime factors of 35122?
2, 17